21, 94441
List the prime factors of 3115430100.
2, 3, 5, 41, 53, 59
List the prime factors of 261543508.
2, 65385877
List the prime factors of 513100114.
2, 151, 1699007
List the prime factors of 18859977.
3, 23, 179, 509
List the prime factors of 29132595.
3, 5, 215797
What are the prime factors of 1725100167?
3, 7, 5987, 13721
What are the prime factors of 2607065994?
2, 3, 13, 2571071
List the prime factors of 1003110280.
2, 5, 25077757
List the prime factors of 3113923221.
3, 345991469
What are the prime factors of 554208406?
2, 277104203
What are the prime factors of 1754528909?
7, 61, 929, 4423
What are the prime factors of 3633365331?
3, 37, 10911007
What are the prime factors of 189079099?
11, 421, 40829
What are the prime factors of 65466769?
43, 1522483
What are the prime factors of 8818123?
769, 11467
What are the prime factors of 281806656?
2, 3, 59, 24877
List the prime factors of 40075729.
23, 1742423
What are the prime factors of 259225293?
3, 37, 2335363
List the prime factors of 178262497.
7, 25466071
What are the prime factors of 286223580?
2, 3, 5, 1590131
What are the prime factors of 3823827015?
3, 5, 67, 83, 45841
What are the prime factors of 20174082?
2, 3, 23, 29, 71
List the prime factors of 281013650.
2, 5, 5620273
List the prime factors of 3156603547.
11059, 285433
List the prime factors of 1581113616.
2, 3, 541, 60887
List the prime factors of 179792587.
13, 23, 601313
List the prime factors of 5474311712.
2, 17, 10063073
What are the prime factors of 378894804?
2, 3, 97, 163, 1997
List the prime factors of 733116912.
2, 3, 11, 1388479
List the prime factors of 324375221.
1097, 295693
List the prime factors of 1039844885.
5, 127, 1637551
What are the prime factors of 131808321?
3, 14645369
List the prime factors of 737279711.
7, 105325673
What are the prime factors of 77190318?
2, 3, 521, 8231
What are the prime factors of 4047891255?
3, 5, 41, 2193979
What are the prime factors of 75633887?
7, 1493, 7237
List the prime factors of 2685816547.
241, 11144467
What are the prime factors of 4239103824?
2, 3, 29438221
What are the prime factors of 967911234?
2, 3, 73, 2209843
List the prime factors of 1362043431.
3, 7, 800731
What are the prime factors of 1500534410?
2, 5, 17, 53, 166541
What are the prime factors of 376319782?
2, 251, 749641
List the prime factors of 31235740.
2, 5, 71, 21997
What are the prime factors of 1416126891?
3, 472042297
List the prime factors of 39637033.
39637033
List the prime factors of 2430067848.
2, 3, 13, 7788679
What are the prime factors of 832314313?
832314313
List the prime factors of 1155893192.
2, 83, 103, 16901
What are the prime factors of 2813182837?
2813182837
What are the prime factors of 81025185?
3, 5, 139, 38861
What are the prime factors of 70892530?
2, 5, 29, 244457
List the prime factors of 1562497314.
2, 3, 7, 353, 105389
What are the prime factors of 53165116?
2, 19, 699541
What are the prime factors of 301972573?
7, 167, 258317
What are the prime factors of 201936964?
2, 23, 2194967
List the prime factors of 463042672.
2, 28940167
What are the prime factors of 27200910?
2, 3, 5, 11, 139, 593
What are the prime factors of 28138939?
1621, 17359
List the prime factors of 617419337.
23, 71, 378089
List the prime factors of 377491010.
2, 5, 13, 2903777
What are the prime factors of 538103234?
2, 5051, 53267
List the prime factors of 105479681.
105479681
List the prime factors of 3871356775.
5, 11, 13, 1013, 1069
What are the prime factors of 955517441?
13229, 72229
What are the prime factors of 83396573?
13, 6415121
List the prime factors of 82198073.
73, 181, 6221
List the prime factors of 1388134141.
1388134141
What are the prime factors of 3943241984?
2, 11, 1400299
What are the prime factors of 1533069594?
2, 3, 7, 47, 83, 3119
List the prime factors of 240538479.
3, 2423, 33091
What are the prime factors of 32921904?
2, 3, 53, 12941
List the prime factors of 120903821.
19, 6363359
What are the prime factors of 126415322?
2, 11, 19, 302429
What are the prime factors of 22687065?
3, 5, 504157
What are the prime factors of 76370694?
2, 3, 673, 18913
List the prime factors of 600008990.
2, 5, 7, 103, 83219
What are the prime factors of 145626454?
2, 17, 4283131
What are the prime factors of 45350485?
5, 9070097
What are the prime factors of 1320266903?
17, 97, 800647
What are the prime factors of 163966977?
3, 23, 229, 1153
What are the prime factors of 174644233?
174644233
List the prime factors of 80922719.
80922719
List the prime factors of 852483791.
47, 2411, 7523
List the prime factors of 820879511.
67, 379, 32327
What are the prime factors of 280005676?
2, 70001419
List the prime factors of 304873664.
2, 379, 12569
List the prime factors of 747144540.
2, 3, 5, 829, 1669
What are the prime factors of 552622987?
7, 78946141
List the prime factors of 60146703.
3, 383, 17449
List the prime factors of 2516859835.
5, 7, 71910281
What are the prime factors of 4728094990?
2, 5, 41, 11531939
What are the prime factors of 11497227?
3, 7, 547487
What are the prime factors of 778555123?
383, 587, 3463
What are the prime factors of 2710227575?
5, 11, 751, 1193
What are the prime factors of 272481603?
3, 19, 4780379
List the prime factors of 44147514.
2, 3, 479, 15361
List the prime factors of 495582449.
23, 21547063
What are the prime factors of 470604378?
2, 3, 3733, 21011
List the prime factors of 662565372.
2, 3, 7, 197, 40039
List the prime factors of 3275946582.
2, 3, 17327, 31511
List the prime factors of 1057450871.
19, 55655309
What are the prime factors of 68114954?
2, 17, 2003381
What are the prime factors of 1231869456?
2, 3, 8554649
List the prime factors of 1200945790.
2, 5, 11, 17, 642217
List the prime factors of 42345502.
2, 149, 142099
What are the prime factors of 1546763986?
2, 773381993
List the prime factors of 466164225.
3, 5, 17, 67, 107
What are the prime factors of 6230029?
13, 113, 4241
What are the prime factors of 1105313269?
163, 6781063
List the prime factors of 248597732.
2, 17, 3655849
List the prime factors of 82395356.
2, 20598839
What are the prime factors of 382173239?
7, 19, 31, 92693
List the prime factors of 140148700.
2, 5, 1401487
List the prime factors of 388705116.
2, 3, 19, 1704847
What are the prime factors of 925942269?
3, 7, 2339, 2693
List the prime factors of 32845083.
3, 643, 17027
What are the prime factors of 30168392?
2, 3771049
List the prime factors of 129753684.
2, 3, 41, 29303
What are the prime factors of 95604182?
2, 263, 181757
What are the prime factors of 348033102?
2, 3, 23, 2521979
List the prime factors of 4470755525.
5, 23, 251, 30977
List the prime factors of 1667336807.
71, 23483617
What are the prime factors of 5657681172?
2, 3, 11, 13, 3297017
List the prime factors of 26560821.
3, 7, 1264801
List the prime factors of 124621875.
3, 5, 7, 211
List the prime factors of 2011921918.
2, 23, 4241, 10313
List the prime factors of 224283475.
5, 13, 690103
List the prime factors of 1123616723.
23, 89, 548909
What are the prime factors of 146882024?
2, 18360253
What are the prime factors of 536002774?
2, 673, 398219
List the prime factors of 3988908384.
2, 3, 31, 1340359
What are the prime factors of 4463855380?
2, 5, 37, 601, 10037
List the prime factors of 602863291.
22273, 27067
What are the prime factors of 487465883?
487465883
List the prime factors of 21841240.
2, 5, 546031
List the prime factors of 1267029200.
2, 5, 3167573
List the prime factors of 918661991.
13, 67, 1054721
What are the prime factors of 257000170?
2, 5, 7, 3671431
List the prime factors of 130366576.
2, 23, 354257
List the prime factors of 1205200991.
1553, 776047
List the prime factors of 471027345.
3, 5, 3361, 9343
List the prime factors of 39472863.
3, 53, 248257
List the prime factors of 1407064643.
691, 2036273
What are the prime factors of 1165564753?
31, 4597, 8179
What are the prime factors of 87731017?
11, 1049, 7603
List the prime factors of 19073393.
733, 26021
What are the prime factors of 4394695880?
2, 5, 109867397
List the prime factors of 668117584.
2, 37, 1128577
List the prime factors of 3855203604.
2, 3, 7, 23, 37, 17977
List the prime factors of 54865411.
54865411
What are the prime factors of 5233684366?
2, 107, 24456